ded by c(1)?
3
Let z(f) = f**2 + 2*f - 3. Suppose 3*i - 2*i = -2*p + 8, -4*p = -4*i + 68. What is the remainder when i is divided by z(-4)?
4
Suppose -4 = -v - 4*i, 4*v - 19 = 4*i + 17. Let p = 13 - v. Calculate the remainder when 0/(2/(-1)) - -13 is divided by p.
3
Let b = -3 + 6. Suppose 13 = b*a - 17. What is the remainder when 28 is divided by (4 + -3)/(1/a)?
8
What is the remainder when 12 is divided by (-12)/10*(-40)/4?
0
Suppose 5 = s - 0*s. Calculate the remainder when 7 is divided by s.
2
Suppose 2*d + 21 = 3*u - d, 2*d + 47 = 5*u. Calculate the remainder when 20 is divided by u.
9
Suppose 0 = 3*d + 1 - 52. What is the remainder when 31 is divided by d?
14
Let x(d) = -7*d - 48. What is the remainder when x(-10) is divided by (-1 - 2)*(-2 + -2)?
10
Let o(a) = -23*a + 1. Suppose 0 = -2*u - 0*u + 2, -s - 3 = 4*u. Let w = s + 4. What is the remainder when o(w) is divided by 24?
22
Let g = -22 + 12. Let d = 20 + g. What is the remainder when 38 is divided by d?
8
Let s = -16 - -18. Calculate the remainder when 3 is divided by s.
1
Suppose 2*z = -95 + 11. Calculate the remainder when (z/5)/(4/(-10)) is divided by 8.
5
Let u(r) = r**2 + r. Let d be u(-1). Suppose -10 = 2*v + 4*c - 5*c, d = -v + 2*c - 2. What is the remainder when (-75)/v + (-2)/(-4) is divided by 5?
3
Suppose 5*t + 24 = 369. What is the remainder when t is divided by 18?
15
Suppose -4*s + 38 = 2*p, -2*s - 2*p + 44 = -6*p. Suppose -a + s = -4. Suppose -3*w - w + a = 0. What is the remainder when 6 is divided by w?
2
Let b be (16/(-10))/(6/(-30)). Let r(z) = -2 + z**2 + 0 - 6*z - 3. Calculate the remainder when 31 is divided by r(b).
9
Suppose 4*q - 20 = -4*r, -2*q = -3*q - 3*r + 9. Suppose -4*x + 0*h + 83 = -q*h, -5 = h. Calculate the remainder when 32 is divided by x.
15
Let c be (-3)/(-5) - 17/(-5). Suppose 3*b - 10 = -4*u, 7*b - 12 = -c*u + 3*b. What is the remainder when 25 is divided by 1 - (-13 - (u - 2))?
12
Let p = -12 - -13. Let d = 16 - p. What is the remainder when 28 is divided by d?
13
Suppose 6*b - 91 - 17 = 0. What is the remainder when 34 is divided by b?
16
Suppose -7*u = 3*k - 3*u + 11, k - 3*u - 18 = 0. What is the remainder when 3 is divided by k?
0
Suppose 0 = -3*t + 2*a + 35, -4*a - 11 = -5*t + 50. Let i(r) = 14*r**2 + 2*r. Calculate the remainder when i(-2) is divided by 168/t + 2/(-3).
16
Let o be 1*(-9*1 + 1). Let y(d) = -4*d - 3 + 0*d + d. What is the remainder when y(o) is divided by 12?
9
Suppose 5*m = 15, -7 + 4 = 4*s - 5*m. Suppose -s*f + 20 = 8. Suppose -f*u = -3*u - 18. What is the remainder when 53 is divided by u?
17
Let d be (4/6)/((-4)/(-24)). Let c = 2 + d. Calculate the remainder when 9 is divided by c.
3
Let r(w) be the first derivative of -w**4/4 - w**3 - 2*w**2 - 2*w - 3. What is the remainder when 5 is divided by r(-2)?
1
Suppose 110 = 5*x + 2*a, -4*x = 2*a - 17 - 73. Calculate the remainder when 59 is divided by x.
19
Suppose 4*b = -4*z + 76, 2*z + 2*b - 37 = b. Suppose -3*c = 3*g - 45, -2*g + 5*c - 4*c + z = 0. What is the remainder when 21 is divided by g?
10
Let f = 23 + -20. What is the remainder when f is divided by 2?
1
Suppose -4*r - 5*f + 11 = 0, r - 11 = -0*f - 4*f. Calculate the remainder when 25 is divided by (0 - -13) + (-1)/r.
11
Suppose y - 5 = -2*n, -y + 6*y = -15. Suppose -2*v + n + 6 = 0. Suppose -s + v*z = -0*s - 24, 4*z + 80 = 4*s. What is the remainder when s is divided by 7?
5
Suppose 3*j = -5 + 20. Calculate the remainder when j is divided by 4.
1
What is the remainder when ((-210)/(-25) + 1)*(1 + 4) is divided by 6?
5
Let i be 4 + -1 - (-2)/1. Suppose 15 = -0*h - i*h. Let x = h + 6. What is the remainder when x is divided by 2?
1
Let l(h) = -h**3 - 9*h**2 + 8*h + 9. What is the remainder when 83 is divided by l(-10)?
25
Suppose 0 = -i + 12 + 17. Suppose -2*h - 3*h = -2*z - 38, -3*h + 5*z + 19 = 0. What is the remainder when i is divided by h?
5
Let q = 4 + -9. Let d = q - -61. Suppose -25 = 3*o - 82. Calculate the remainder when d is divided by o.
18
Suppose -2*z = 15 - 37. Let x(l) = l**3 + 9*l**2 + 3*l - 9. What is the remainder when x(-8) is divided by z?
9
Suppose -5*d + 5*y - 4*y + 13 = 0, 3*d - y - 7 = 0. Suppose -c - d*c - 31 = -3*a, -3*c = -5*a + 37. What is the remainder when a is divided by 4?
1
Let o(t) = -t**2 - 13*t - 22. Calculate the remainder when 18 is divided by o(-10).
2
Suppose -2*w - 6 = -14. Suppose -4*g + 36 = w. What is the remainder when 30 is divided by g?
6
Let x be (-223)/(-13) + 12/(-78). Let b = x + -14. Calculate the remainder when 13 is divided by b.
1
Suppose 5*m = 20, -5*m + 20 = -y - 26. Let b = -13 - y. What is the remainder when 51 is divided by b?
12
Let n(b) = -b**2 + 23. Calculate the remainder when n(0) is divided by 6.
5
Calculate the remainder when 100/6 - (-8)/24 is divided by 9.
8
Let x(p) = 7*p**3 - p**2 + 2*p - 1. What is the remainder when 13 is divided by x(1)?
6
Let a(q) be the second derivative of q**4/6 + 2*q**3/3 + 5*q**2/2 + 2*q. Let z be a(-4). Let l = -10 + z. What is the remainder when 31 is divided by l?
9
Let o = 87 + -20. Suppose -5*v = -f - 18, -v + 2*f = 3*f. Suppose 5*p - v*c - 100 = 0, -p + 5*c - 6 + 4 = 0. Calculate the remainder when o is divided by p.
21
What is the remainder when 43 is divided by (-8 + 4 - -15)*2?
21
Let l = 91 + -81. Calculate the remainder when 18 is divided by l.
8
Let x(v) be the second derivative of 2*v - 9/10*v**5 + 1/6*v**3 + 0*v**4 + 1/2*v**2 + 0. What is the remainder when 53 is divided by x(-1)?
17
Let n(l) be the second derivative of l**5/5 - l**4/4 + 2*l**3/3 - l**2 - l. Let x be n(2). Let g = x - -29. What is the remainder when g is divided by 19?
17
Let p(z) = z**2 + 5*z - 9. Calculate the remainder when p(5) is divided by 21.
20
Suppose -2*o = -o - 7. Suppose x - 26 + o = 0. Calculate the remainder when 74 is divided by x.
17
Let t = -25 + 36. Let r = 1 - 1. Suppose -y = -r*y - 3. What is the remainder when t is divided by y?
2
Let m(t) = 2*t**3 + 14*t**2 + 10*t + 6. What is the remainder when 165 is divided by m(-5)?
53
Suppose 100 = 5*r - 2*w - w, r - 20 = w. What is the remainder when 39 is divided by r?
19
Suppose -2*m = 2*m - 4*w - 72, 0 = -5*m + w + 110. Let s(k) = 2*k**2 - 4*k - 4. Let y be s(-3). Let c = -14 + y. What is the remainder when m is divided by c?
11
Let v = 25 - 24. Calculate the remainder when 4 is divided by v.
0
Suppose 3*n - 18 = n - 4*d, -4*n = -4*d. Let j be 1/3 - (-47)/n. Suppose 0 = -3*h + 64 - j. Calculate the remainder when 31 is divided by h.
15
Suppose -82 + 27 = -5*l. Let c = -61 - -93. Calculate the remainder when c is divided by l.
10
Let x(r) = 51*r. Calculate the remainder when x(1) is divided by 13.
12
Let r(p) = p**2 - 8. Calculate the remainder when 22 is divided by r(-4).
6
Let k = 34 - 10. What is the remainder when k is divided by 9?
6
Suppose 0 = -4*i + a - 6*a + 116, -i = -3*a - 46. What is the remainder when 66 is divided by i?
32
Let i = -63 - -94. What is the remainder when 61 is divided by i?
30
Suppose f - 17 = -4*s, -3*f - 5*s + 9 = -21. Suppose 179 = f*o + 2*v, -3*o - 2*o - 4*v + 173 = 0. Calculate the remainder when o is divided by 13.
11
Let r = -40 + 60. What is the remainder when 60 - (0 + (4 - 2)) is divided by r?
18
Let r(q) = 2*q + 2 + 9 - 3*q. Let h = -191 + 195. What is the remainder when r(0) is divided by h?
3
Suppose 5*c - s - 14 = 1, -3*s - 5 = 5*c. Suppose j + 5*t = 6*j - 100, 25 = c*j + 3*t. Calculate the remainder when j is divided by 5.
2
Calculate the remainder when 49 - 25/10*24/(-15) is divided by 28.
25
Suppose -x + 33 - 2 = 0. Calculate the remainder when x is divided by 16.
15
Let q(p) = -p**3 - p**2 + 2*p - 2. Let r be q(2). Calculate the remainder when 117 is divided by 12/(26/r - -3).
27
Let w = 11 + 2. Suppose b = 2*b + 4*y - w, -48 = -2*b + 3*y. Let s = b - 9. What is the remainder when s is divided by 7?
5
Let k = 43 - 6. Calculate the remainder when k is divided by 10.
7
Let m(z) = -4*z - 1. Let d(b) = -b - 9. Calculate the remainder when m(-1) is divided by d(-12).
0
Calculate the remainder when (756/35)/(54/(-20) + 3) is divided by 20.
12
Suppose 4*y = 3*x - 47, -3*x - 3*y = -26 - 7. Let w(q) = q**3 - 5*q**2 - 3*q + 6. Calculate the remainder when w(6) is divided by x.
11
Let u(w) = 5*w - 4. Let v be u(6). Suppose 22 + 28 = 2